

{"id":9239,"date":"2023-07-26T07:28:37","date_gmt":"2023-07-26T07:28:37","guid":{"rendered":"https:\/\/infecar.es\/?post_type=event&#038;p=9239"},"modified":"2024-06-20T09:42:12","modified_gmt":"2024-06-20T09:42:12","slug":"9239","status":"publish","type":"event","link":"http:\/\/infecar.es\/en\/ferias-y-eventos\/9239\/","title":{"rendered":"Navalia Meeting 2023"},"content":{"rendered":"<p>Las Palmas de Gran Canaria will host, from 20th to 22nd September, the second edition of NAVALIA MEETING, the most important naval meeting of the sector. An event promoted by the Cabildo de Gran Canaria and co-organised by Infecar and Mu\u00e9stralo with the collaboration of Cl\u00faster Mar\u00edtimo de Canarias, Federaci\u00f3n Canaria de Empresas Portuarias and Proexca.<\/p>\n<p>For more information:<a href=\"https:\/\/www.navalia.es\/es\/congreso\"> Navalia Meeting 2023<\/a><\/p>\n","protected":false},"featured_media":9238,"template":"","topic":[4],"class_list":["post-9239","event","type-event","status-publish","has-post-thumbnail","hentry","topic-negocios"],"acf":{"featured":false,"clickable":true,"event_location":"","external_link":"","event_redirect":false,"type":"fair","multiple_days":"multiple_days","from":"20\/09\/2023 12:00 am","to":"22\/09\/2023 12:00 am","title":"Navalia Meeting 2023","description_es":"Las Palmas de Gran Canaria will host, from 20th to 22nd September, the second edition of NAVALIA MEETING, the most important naval meeting of the sector. An event promoted by the Cabildo de Gran Canaria and co-organised by Infecar and Mu\u00e9stralo with the collaboration of Cl\u00faster Mar\u00edtimo de Canarias, Federaci\u00f3n Canaria de Empresas Portuarias and Proexca.\r\n\r\nFor more information: Navalia Meeting 2023","category":"Feria","sponsors":false,"relatedEvents":false,"videoLinks":false,"photoLinks":false,"fileLinks":false,"tags":false,"placePoint":"0","placeDescription":"0","municipality":"Agaete","maximumCapacity":"1","minAge":"1","maxAge":"1","minPrice":"1","maxPrice":"1","raisedMoney":"1","expense":"1","registeredUsers":"1","attendance":"1","rating":"1"},"aioseo_notices":[],"yoast_head":"<!-- This site is optimized with the Yoast SEO plugin v26.7 - https:\/\/yoast.com\/wordpress\/plugins\/seo\/ -->\n<title>Navalia Meeting 2023 - Infecar<\/title>\n<meta name=\"robots\" content=\"index, follow, max-snippet:-1, max-image-preview:large, max-video-preview:-1\" \/>\n<link rel=\"canonical\" href=\"http:\/\/infecar.es\/en\/ferias-y-eventos\/9239\/\" \/>\n<meta property=\"og:locale\" content=\"en_US\" \/>\n<meta property=\"og:type\" content=\"article\" \/>\n<meta property=\"og:title\" content=\"Navalia Meeting 2023 - Infecar\" \/>\n<meta property=\"og:description\" content=\"Las Palmas de Gran Canaria will host, from 20th to 22nd September, the second edition of NAVALIA MEETING, the most important naval meeting of the sector. An event promoted by the Cabildo de Gran Canaria and co-organised by Infecar and Mu\u00e9stralo with the collaboration of Cl\u00faster Mar\u00edtimo de Canarias, Federaci\u00f3n Canaria de Empresas Portuarias and [&hellip;]\" \/>\n<meta property=\"og:url\" content=\"http:\/\/infecar.es\/en\/ferias-y-eventos\/9239\/\" \/>\n<meta property=\"og:site_name\" content=\"Infecar\" \/>\n<meta property=\"article:modified_time\" content=\"2024-06-20T09:42:12+00:00\" \/>\n<meta property=\"og:image\" content=\"http:\/\/infecar.es\/wp-content\/uploads\/2023\/07\/Infecar-1.png\" \/>\n\t<meta property=\"og:image:width\" content=\"600\" \/>\n\t<meta property=\"og:image:height\" content=\"600\" \/>\n\t<meta property=\"og:image:type\" content=\"image\/png\" \/>\n<meta name=\"twitter:card\" content=\"summary_large_image\" \/>\n<meta name=\"twitter:label1\" content=\"Est. reading time\" \/>\n\t<meta name=\"twitter:data1\" content=\"1 minute\" \/>\n<script type=\"application\/ld+json\" class=\"yoast-schema-graph\">{\"@context\":\"https:\/\/schema.org\",\"@graph\":[{\"@type\":\"WebPage\",\"@id\":\"http:\/\/infecar.es\/en\/ferias-y-eventos\/9239\/\",\"url\":\"http:\/\/infecar.es\/en\/ferias-y-eventos\/9239\/\",\"name\":\"Navalia Meeting 2023 - Infecar\",\"isPartOf\":{\"@id\":\"https:\/\/infecar.es\/en\/#website\"},\"primaryImageOfPage\":{\"@id\":\"http:\/\/infecar.es\/en\/ferias-y-eventos\/9239\/#primaryimage\"},\"image\":{\"@id\":\"http:\/\/infecar.es\/en\/ferias-y-eventos\/9239\/#primaryimage\"},\"thumbnailUrl\":\"http:\/\/infecar.es\/wp-content\/uploads\/2023\/07\/Infecar-1.png\",\"datePublished\":\"2023-07-26T07:28:37+00:00\",\"dateModified\":\"2024-06-20T09:42:12+00:00\",\"breadcrumb\":{\"@id\":\"http:\/\/infecar.es\/en\/ferias-y-eventos\/9239\/#breadcrumb\"},\"inLanguage\":\"en-US\",\"potentialAction\":[{\"@type\":\"ReadAction\",\"target\":[\"http:\/\/infecar.es\/en\/ferias-y-eventos\/9239\/\"]}]},{\"@type\":\"ImageObject\",\"inLanguage\":\"en-US\",\"@id\":\"http:\/\/infecar.es\/en\/ferias-y-eventos\/9239\/#primaryimage\",\"url\":\"http:\/\/infecar.es\/wp-content\/uploads\/2023\/07\/Infecar-1.png\",\"contentUrl\":\"http:\/\/infecar.es\/wp-content\/uploads\/2023\/07\/Infecar-1.png\",\"width\":600,\"height\":600},{\"@type\":\"BreadcrumbList\",\"@id\":\"http:\/\/infecar.es\/en\/ferias-y-eventos\/9239\/#breadcrumb\",\"itemListElement\":[{\"@type\":\"ListItem\",\"position\":1,\"name\":\"Portada\",\"item\":\"https:\/\/infecar.es\/en\/\"},{\"@type\":\"ListItem\",\"position\":2,\"name\":\"Navalia Meeting 2023\"}]},{\"@type\":\"WebSite\",\"@id\":\"https:\/\/infecar.es\/en\/#website\",\"url\":\"https:\/\/infecar.es\/en\/\",\"name\":\"Infecar\",\"description\":\"Feria de Gran Canaria\",\"publisher\":{\"@id\":\"https:\/\/infecar.es\/en\/#organization\"},\"potentialAction\":[{\"@type\":\"SearchAction\",\"target\":{\"@type\":\"EntryPoint\",\"urlTemplate\":\"https:\/\/infecar.es\/en\/?s={search_term_string}\"},\"query-input\":{\"@type\":\"PropertyValueSpecification\",\"valueRequired\":true,\"valueName\":\"search_term_string\"}}],\"inLanguage\":\"en-US\"},{\"@type\":\"Organization\",\"@id\":\"https:\/\/infecar.es\/en\/#organization\",\"name\":\"Infecar\",\"url\":\"https:\/\/infecar.es\/en\/\",\"logo\":{\"@type\":\"ImageObject\",\"inLanguage\":\"en-US\",\"@id\":\"https:\/\/infecar.es\/en\/#\/schema\/logo\/image\/\",\"url\":\"https:\/\/infecar.es\/wp-content\/uploads\/2023\/02\/logo_black.svg\",\"contentUrl\":\"https:\/\/infecar.es\/wp-content\/uploads\/2023\/02\/logo_black.svg\",\"width\":1,\"height\":1,\"caption\":\"Infecar\"},\"image\":{\"@id\":\"https:\/\/infecar.es\/en\/#\/schema\/logo\/image\/\"}}]}<\/script>\n<!-- \/ Yoast SEO plugin. -->","yoast_head_json":{"title":"Navalia Meeting 2023 - Infecar","robots":{"index":"index","follow":"follow","max-snippet":"max-snippet:-1","max-image-preview":"max-image-preview:large","max-video-preview":"max-video-preview:-1"},"canonical":"http:\/\/infecar.es\/en\/ferias-y-eventos\/9239\/","og_locale":"en_US","og_type":"article","og_title":"Navalia Meeting 2023 - Infecar","og_description":"Las Palmas de Gran Canaria will host, from 20th to 22nd September, the second edition of NAVALIA MEETING, the most important naval meeting of the sector. An event promoted by the Cabildo de Gran Canaria and co-organised by Infecar and Mu\u00e9stralo with the collaboration of Cl\u00faster Mar\u00edtimo de Canarias, Federaci\u00f3n Canaria de Empresas Portuarias and [&hellip;]","og_url":"http:\/\/infecar.es\/en\/ferias-y-eventos\/9239\/","og_site_name":"Infecar","article_modified_time":"2024-06-20T09:42:12+00:00","og_image":[{"width":600,"height":600,"url":"http:\/\/infecar.es\/wp-content\/uploads\/2023\/07\/Infecar-1.png","type":"image\/png"}],"twitter_card":"summary_large_image","twitter_misc":{"Est. reading time":"1 minute"},"schema":{"@context":"https:\/\/schema.org","@graph":[{"@type":"WebPage","@id":"http:\/\/infecar.es\/en\/ferias-y-eventos\/9239\/","url":"http:\/\/infecar.es\/en\/ferias-y-eventos\/9239\/","name":"Navalia Meeting 2023 - Infecar","isPartOf":{"@id":"https:\/\/infecar.es\/en\/#website"},"primaryImageOfPage":{"@id":"http:\/\/infecar.es\/en\/ferias-y-eventos\/9239\/#primaryimage"},"image":{"@id":"http:\/\/infecar.es\/en\/ferias-y-eventos\/9239\/#primaryimage"},"thumbnailUrl":"http:\/\/infecar.es\/wp-content\/uploads\/2023\/07\/Infecar-1.png","datePublished":"2023-07-26T07:28:37+00:00","dateModified":"2024-06-20T09:42:12+00:00","breadcrumb":{"@id":"http:\/\/infecar.es\/en\/ferias-y-eventos\/9239\/#breadcrumb"},"inLanguage":"en-US","potentialAction":[{"@type":"ReadAction","target":["http:\/\/infecar.es\/en\/ferias-y-eventos\/9239\/"]}]},{"@type":"ImageObject","inLanguage":"en-US","@id":"http:\/\/infecar.es\/en\/ferias-y-eventos\/9239\/#primaryimage","url":"http:\/\/infecar.es\/wp-content\/uploads\/2023\/07\/Infecar-1.png","contentUrl":"http:\/\/infecar.es\/wp-content\/uploads\/2023\/07\/Infecar-1.png","width":600,"height":600},{"@type":"BreadcrumbList","@id":"http:\/\/infecar.es\/en\/ferias-y-eventos\/9239\/#breadcrumb","itemListElement":[{"@type":"ListItem","position":1,"name":"Portada","item":"https:\/\/infecar.es\/en\/"},{"@type":"ListItem","position":2,"name":"Navalia Meeting 2023"}]},{"@type":"WebSite","@id":"https:\/\/infecar.es\/en\/#website","url":"https:\/\/infecar.es\/en\/","name":"Infecar","description":"Feria de Gran Canaria","publisher":{"@id":"https:\/\/infecar.es\/en\/#organization"},"potentialAction":[{"@type":"SearchAction","target":{"@type":"EntryPoint","urlTemplate":"https:\/\/infecar.es\/en\/?s={search_term_string}"},"query-input":{"@type":"PropertyValueSpecification","valueRequired":true,"valueName":"search_term_string"}}],"inLanguage":"en-US"},{"@type":"Organization","@id":"https:\/\/infecar.es\/en\/#organization","name":"Infecar","url":"https:\/\/infecar.es\/en\/","logo":{"@type":"ImageObject","inLanguage":"en-US","@id":"https:\/\/infecar.es\/en\/#\/schema\/logo\/image\/","url":"https:\/\/infecar.es\/wp-content\/uploads\/2023\/02\/logo_black.svg","contentUrl":"https:\/\/infecar.es\/wp-content\/uploads\/2023\/02\/logo_black.svg","width":1,"height":1,"caption":"Infecar"},"image":{"@id":"https:\/\/infecar.es\/en\/#\/schema\/logo\/image\/"}}]}},"_links":{"self":[{"href":"http:\/\/infecar.es\/en\/wp-json\/wp\/v2\/event\/9239","targetHints":{"allow":["GET"]}}],"collection":[{"href":"http:\/\/infecar.es\/en\/wp-json\/wp\/v2\/event"}],"about":[{"href":"http:\/\/infecar.es\/en\/wp-json\/wp\/v2\/types\/event"}],"wp:featuredmedia":[{"embeddable":true,"href":"http:\/\/infecar.es\/en\/wp-json\/wp\/v2\/media\/9238"}],"wp:attachment":[{"href":"http:\/\/infecar.es\/en\/wp-json\/wp\/v2\/media?parent=9239"}],"wp:term":[{"taxonomy":"topic","embeddable":true,"href":"http:\/\/infecar.es\/en\/wp-json\/wp\/v2\/topic?post=9239"}],"curies":[{"name":"wp","href":"https:\/\/api.w.org\/{rel}","templated":true}]}}

<p>Las Palmas de Gran Canaria will host, from 20th to 22nd September, the second edition of NAVALIA MEETING, the most important naval meeting of the sector. An event promoted by the Cabildo de Gran Canaria and co-organised by Infecar and Muéstralo with the collaboration of Clúster Marítimo de Canarias, Federación Canaria de Empresas Portuarias and Proexca.</p>
<p>For more information:<a href="https://www.navalia.es/es/congreso"> Navalia Meeting 2023</a></p>

Las Palmas de Gran Canaria will host, from 20th to 22nd September, the second edition of NAVALIA MEETING, the most important naval meeting of the sector. An event promoted by the Cabildo de Gran Canaria and co-organised by Infecar and Muéstralo with the collaboration of Clúster Marítimo de Canarias, Federación Canaria de Empresas Portuarias and Proexca.

For more information: Navalia Meeting 2023

<!-- This site is optimized with the Yoast SEO plugin v26.7 - https://yoast.com/wordpress/plugins/seo/ -->
<title>Navalia Meeting 2023 - Infecar</title>
<meta name="robots" content="index, follow, max-snippet:-1, max-image-preview:large, max-video-preview:-1" />
<link rel="canonical" href="http://infecar.es/en/ferias-y-eventos/9239/" />
<meta property="og:locale" content="en_US" />
<meta property="og:type" content="article" />
<meta property="og:title" content="Navalia Meeting 2023 - Infecar" />
<meta property="og:description" content="Las Palmas de Gran Canaria will host, from 20th to 22nd September, the second edition of NAVALIA MEETING, the most important naval meeting of the sector. An event promoted by the Cabildo de Gran Canaria and co-organised by Infecar and Muéstralo with the collaboration of Clúster Marítimo de Canarias, Federación Canaria de Empresas Portuarias and [&hellip;]" />
<meta property="og:url" content="http://infecar.es/en/ferias-y-eventos/9239/" />
<meta property="og:site_name" content="Infecar" />
<meta property="article:modified_time" content="2024-06-20T09:42:12+00:00" />
<meta property="og:image" content="http://infecar.es/wp-content/uploads/2023/07/Infecar-1.png" />
	<meta property="og:image:width" content="600" />
	<meta property="og:image:height" content="600" />
	<meta property="og:image:type" content="image/png" />
<meta name="twitter:card" content="summary_large_image" />
<meta name="twitter:label1" content="Est. reading time" />
	<meta name="twitter:data1" content="1 minute" />
<script type="application/ld+json" class="yoast-schema-graph">{"@context":"https://schema.org","@graph":[{"@type":"WebPage","@id":"http://infecar.es/en/ferias-y-eventos/9239/","url":"http://infecar.es/en/ferias-y-eventos/9239/","name":"Navalia Meeting 2023 - Infecar","isPartOf":{"@id":"https://infecar.es/en/#website"},"primaryImageOfPage":{"@id":"http://infecar.es/en/ferias-y-eventos/9239/#primaryimage"},"image":{"@id":"http://infecar.es/en/ferias-y-eventos/9239/#primaryimage"},"thumbnailUrl":"http://infecar.es/wp-content/uploads/2023/07/Infecar-1.png","datePublished":"2023-07-26T07:28:37+00:00","dateModified":"2024-06-20T09:42:12+00:00","breadcrumb":{"@id":"http://infecar.es/en/ferias-y-eventos/9239/#breadcrumb"},"inLanguage":"en-US","potentialAction":[{"@type":"ReadAction","target":["http://infecar.es/en/ferias-y-eventos/9239/"]}]},{"@type":"ImageObject","inLanguage":"en-US","@id":"http://infecar.es/en/ferias-y-eventos/9239/#primaryimage","url":"http://infecar.es/wp-content/uploads/2023/07/Infecar-1.png","contentUrl":"http://infecar.es/wp-content/uploads/2023/07/Infecar-1.png","width":600,"height":600},{"@type":"BreadcrumbList","@id":"http://infecar.es/en/ferias-y-eventos/9239/#breadcrumb","itemListElement":[{"@type":"ListItem","position":1,"name":"Portada","item":"https://infecar.es/en/"},{"@type":"ListItem","position":2,"name":"Navalia Meeting 2023"}]},{"@type":"WebSite","@id":"https://infecar.es/en/#website","url":"https://infecar.es/en/","name":"Infecar","description":"Feria de Gran Canaria","publisher":{"@id":"https://infecar.es/en/#organization"},"potentialAction":[{"@type":"SearchAction","target":{"@type":"EntryPoint","urlTemplate":"https://infecar.es/en/?s={search_term_string}"},"query-input":{"@type":"PropertyValueSpecification","valueRequired":true,"valueName":"search_term_string"}}],"inLanguage":"en-US"},{"@type":"Organization","@id":"https://infecar.es/en/#organization","name":"Infecar","url":"https://infecar.es/en/","logo":{"@type":"ImageObject","inLanguage":"en-US","@id":"https://infecar.es/en/#/schema/logo/image/","url":"https://infecar.es/wp-content/uploads/2023/02/logo_black.svg","contentUrl":"https://infecar.es/wp-content/uploads/2023/02/logo_black.svg","width":1,"height":1,"caption":"Infecar"},"image":{"@id":"https://infecar.es/en/#/schema/logo/image/"}}]}</script>
<!-- / Yoast SEO plugin. -->

Las Palmas de Gran Canaria will host, from 20th to 22nd September, the second edition of NAVALIA MEETING, the most important naval meeting of the sector. An event promoted by the Cabildo de Gran Canaria and co-organised by Infecar and Muéstralo with the collaboration of Clúster Marítimo de Canarias, Federación Canaria de Empresas Portuarias and [&hellip;]
