

{"version":"1.0","provider_name":"Infecar","provider_url":"http:\/\/infecar.es\/en\/","author_name":"Karen Monz\u00f3n","author_url":"http:\/\/infecar.es\/en\/author\/karen\/","title":"Navalia Meeting 2023 - Infecar","type":"rich","width":600,"height":338,"html":"<blockquote class=\"wp-embedded-content\" data-secret=\"Jg3vuwKCnu\"><a href=\"http:\/\/infecar.es\/en\/ferias-y-eventos\/9239\/\">Navalia Meeting 2023<\/a><\/blockquote><iframe sandbox=\"allow-scripts\" security=\"restricted\" src=\"http:\/\/infecar.es\/en\/ferias-y-eventos\/9239\/embed\/#?secret=Jg3vuwKCnu\" width=\"600\" height=\"338\" title=\"&#8220;Navalia Meeting 2023&#8221; &#8212; Infecar\" data-secret=\"Jg3vuwKCnu\" frameborder=\"0\" marginwidth=\"0\" marginheight=\"0\" scrolling=\"no\" class=\"wp-embedded-content\"><\/iframe><script type=\"text\/javascript\">\n\/* <![CDATA[ *\/\n\/*! This file is auto-generated *\/\n!function(d,l){\"use strict\";l.querySelector&&d.addEventListener&&\"undefined\"!=typeof URL&&(d.wp=d.wp||{},d.wp.receiveEmbedMessage||(d.wp.receiveEmbedMessage=function(e){var t=e.data;if((t||t.secret||t.message||t.value)&&!\/[^a-zA-Z0-9]\/.test(t.secret)){for(var s,r,n,a=l.querySelectorAll('iframe[data-secret=\"'+t.secret+'\"]'),o=l.querySelectorAll('blockquote[data-secret=\"'+t.secret+'\"]'),c=new RegExp(\"^https?:$\",\"i\"),i=0;i<o.length;i++)o[i].style.display=\"none\";for(i=0;i<a.length;i++)s=a[i],e.source===s.contentWindow&&(s.removeAttribute(\"style\"),\"height\"===t.message?(1e3<(r=parseInt(t.value,10))?r=1e3:~~r<200&&(r=200),s.height=r):\"link\"===t.message&&(r=new URL(s.getAttribute(\"src\")),n=new URL(t.value),c.test(n.protocol))&&n.host===r.host&&l.activeElement===s&&(d.top.location.href=t.value))}},d.addEventListener(\"message\",d.wp.receiveEmbedMessage,!1),l.addEventListener(\"DOMContentLoaded\",function(){for(var e,t,s=l.querySelectorAll(\"iframe.wp-embedded-content\"),r=0;r<s.length;r++)(t=(e=s[r]).getAttribute(\"data-secret\"))||(t=Math.random().toString(36).substring(2,12),e.src+=\"#?secret=\"+t,e.setAttribute(\"data-secret\",t)),e.contentWindow.postMessage({message:\"ready\",secret:t},\"*\")},!1)))}(window,document);\n\/\/# sourceURL=http:\/\/infecar.es\/wp-includes\/js\/wp-embed.min.js\n\/* ]]> *\/\n<\/script>\n","thumbnail_url":"http:\/\/infecar.es\/wp-content\/uploads\/2023\/07\/Infecar-1.png","thumbnail_width":600,"thumbnail_height":600,"description":"Las Palmas de Gran Canaria will host, from 20th to 22nd September, the second edition of NAVALIA MEETING, the most important naval meeting of the sector. An event promoted by the Cabildo de Gran Canaria and co-organised by Infecar and Mu\u00e9stralo with the collaboration of Cl\u00faster Mar\u00edtimo de Canarias, Federaci\u00f3n Canaria de Empresas Portuarias and [&hellip;]"}

Karen Monzón

Las Palmas de Gran Canaria will host, from 20th to 22nd September, the second edition of NAVALIA MEETING, the most important naval meeting of the sector. An event promoted by the Cabildo de Gran Canaria and co-organised by Infecar and Muéstralo with the collaboration of Clúster Marítimo de Canarias, Federación Canaria de Empresas Portuarias and [&hellip;]
